m) = -17*m + 2. Calculate r(-1).
19
Let b(q) = -q**3 + 8*q**2 + 5*q - 6. Give b(5).
94
Let f(m) = 9*m - 4. Give f(6).
50
Let f(n) = 3*n - 11. Give f(6).
7
Let q(i) = 9*i + 2. Give q(5).
47
Let b(w) = w + 38. Calculate b(-38).
0
Let f(d) = 3*d**3 - 2*d**2 - d - 4. Give f(2).
10
Let s(t) = t**3 + t**2 + 4. What is s(0)?
4
Let v(i) = -i**3 + 10*i**2 - 9*i - 1. Give v(9).
-1
Let n(c) = -3*c**3 + 30*c**2 + 9. Give n(10).
9
Let x(h) = -h**2 + 9*h + 4. Calculate x(8).
12
Let p(q) = q**3 - 5*q**2 + 13*q - 18. What is p(3)?
3
Let c(h) = h**2 + 36*h - 201. What is c(-41)?
4
Let q(w) = 3*w + 53. Give q(-14).
11
Let t(f) = f**3 + f**2 + 3*f - 24. Give t(0).
-24
Let g(q) = 3*q + 1. What is g(-11)?
-32
Let q(o) = -5*o + 56. Calculate q(8).
16
Let m(x) = -5*x**2 + 186*x - 41. What is m(37)?
-4
Let o(x) = -x**3 - 45*x**2 + 37*x - 411. Give o(-46).
3
Let u(k) = 8*k - 11. Calculate u(5).
29
Let u(g) = -7*g - 10. Give u(-3).
11
Let r(s) = s**3 + 3*s**2 - 3*s + 1. Give r(-4).
-3
Let n(i) = -6*i**3. Calculate n(1).
-6
Let m(i) = i - 9. What is m(-15)?
-24
Let u(t) = t + 1. What is u(-5)?
-4
Let n(z) = 2*z**3 + 14*z**2 + 8. Determine n(-7).
8
Let j(d) = -9*d + 87. Give j(8).
15
Let l(h) = -6*h + 33. What is l(9)?
-21
Let a(j) = -j**2 + 15*j - 24. Calculate a(3).
12
Let u(i) = 5*i + 27. Give u(-8).
-13
Let n(x) = 6*x + 92. Give n(-17).
-10
Let h(m) = 11*m + 38. Give h(-4).
-6
Let m(u) = -3*u + 212. Give m(70).
2
Let h(p) = -p**3 + 15*p**2 + 6*p - 95. Calculate h(15).
-5
Let j(n) = 110*n + 559. Determine j(-5).
9
Let s(d) = 3*d**2 - 43*d + 27. What is s(14)?
13
Let h(u) = -3*u + 6. Give h(4).
-6
Let v(j) = 4*j - 23. Give v(8).
9
Let p(u) = 14*u - 1. What is p(2)?
27
Let z(m) = -m**2 + 5*m + 3. Give z(7).
-11
Let c(r) = -r**2 + 12*r + 17. What is c(13)?
4
Let b(t) = 3*t**3 - 6*t**2 + 3*t + 3. Determine b(1).
3
Let q(c) = 12*c + 648. Calculate q(-54).
0
Let n(j) = 38*j - 275. Give n(7).
-9
Let v(d) = -2*d - 35. Determine v(-21).
7
Let f(x) = -x**2 - 8*x - 10. Calculate f(-6).
2
Let f(o) = 2*o**2 - 5*o - 85. Determine f(9).
32
Let i(f) = -f**3 - 29*f**2 - 26*f + 53. Calculate i(-28).
-3
Let v(w) = w**2 + 20*w + 38. Calculate v(-19).
19
Let s(x) = 19*x - 9. Calculate s(1).
10
Let c(f) = -f**3 - 2*f**2 + 5*f + 4. What is c(-4)?
16
Let s(a) = 4*a - 35. What is s(19)?
41
Let a(s) = -s**3 - 16*s**2 - 8. What is a(-16)?
-8
Let t(r) = -r**3 - 5*r**2 - 8*r. Determine t(-4).
16
Let u(k) = -5*k - 26. Calculate u(10).
-76
Let v(p) = -4*p**2 - 5*p - 8. Calculate v(-4).
-52
Let j(s) = -5*s - 1. What is j(2)?
-11
Let a(r) = -r**3 - 5*r**2 + 6*r. Give a(-5).
-30
Let i(x) = x**3 + 10*x**2 + 8*x. Give i(-7).
91
Let m(u) = 2*u**2 - 10*u + 8. What is m(6)?
20
Let f(n) = 8*n + 19. Calculate f(-7).
-37
Let r(m) = 20*m + 1. Determine r(3).
61
Let d(k) = -k - 2. Determine d(6).
-8
Let m(t) = 6*t + 51. Determine m(-8).
3
Let v(o) = o**2 - 28*o + 32. What is v(27)?
5
Let q(b) = -b + 3. Calculate q(-3).
6
Let i(a) = -a**3 - a**2 + 24*a + 9. Calculate i(-5).
-11
Let h(b) = b**2 + 16*b - 316. Determine h(-28).
20
Let c(x) = x**2 - 3*x - 20. Give c(7).
8
Let r(d) = -d**3 + 54*d**2 - 50*d - 169. Determine r(53).
-10
Let u(q) = q**2 + 4*q - 3. Calculate u(-5).
2
Let s(t) = 6*t - 23. Give s(5).
7
Let o(b) = 7*b**3 - 20*b**2 - 3*b - 4. Calculate o(3).
-4
Let s(x) = -x**3 + 9*x**2 - 6*x - 10. What is s(8)?
6
Let q(r) = 2*r - 11. Determine q(-5).
-21
Let y(w) = -w**2 - w - 37. Give y(0).
-37
Let h(m) = m - 19. Determine h(3).
-16
Let q(n) = n**3 - 3*n**2 + 5*n - 4. Determine q(3).
11
Let n(b) = -11*b - 10. What is n(-5)?
45
Let n(f) = -2*f**3 + 7*f**2 + 7*f - 6. Calculate n(4).
6
Let h(g) = -6*g**2 - 97*g - 11. What is h(-16)?
5
Let v(z) = -z + 2. Determine v(2).
0
Let a(v) = v**2 - 20*v + 93. What is a(10)?
-7
Let k(h) = 4*h + 14. Calculate k(-6).
-10
Let g(l) = -l**3 + 4*l**2 + l + 3. Give g(4).
7
Let g(y) = -y**3 - 9*y**2 - 6*y - 47. Calculate g(-9).
7
Let h(v) = 7*v**2 + 14*v - 4. What is h(-2)?
-4
Let g(q) = q**3 + 10*q**2 - 11*q + 5. Determine g(-11).
5
Let q(m) = m**2 + m - 23. Give q(5).
7
Let b(x) = 3*x - 7. Determine b(6).
11
Let h(u) = -u**3 - 4*u**2 - u. Determine h(-3).
-6
Let m(s) = 5*s - 66. Calculate m(15).
9
Let b(l) = -2*l + 4. Determine b(5).
-6
Let m(p) = p**3 - 12*p**2 + 15*p + 50. Determine m(10).
0
Let i(h) = -2*h**2 + 9*h + 26. What is i(6)?
8
Let s(n) = 8*n + 30. Calculate s(-3).
6
Let m(b) = -b + 22. What is m(13)?
9
Let j(l) = -2*l**2 + 8*l + 32. Determine j(-4).
-32
Let x(q) = -q**3 + 7*q**2 - 6*q + 1. Determine x(4).
25
Let c(s) = -s**3 - 20*s**2 - 24*s - 93. Give c(-19).
2
Let a(y) = y**3 + 22*y**2 - 48*y + 8. Calculate a(-24).
8
Let s(r) = -3*r**3 + 3*r**2 + 9*r - 15. Determine s(2).
-9
Let x(q) = q**3 - 7*q**2 - 7*q - 1. Give x(8).
7
Let x(n) = -4*n**2 + 8*n - 1. What is x(-3)?
-61
Let p(x) = -89*x**2 - 4*x + 4. Calculate p(1).
-89
Let z(p) = -2*p**3 + p**2 - 3*p - 2. Determine z(0).
-2
Let x(p) = -5*p + 6. What is x(11)?
-49
Let i(f) = -4*f**2 - 20*f - 37. What is i(-2)?
-13
Let p(y) = y**2 - 4. Calculate p(3).
5
Let q(x) = -x**2 - 18*x - 41. Give q(-3).
4
Let y(z) = z**3 - 12*z**2 - 14*z + 5. What is y(13)?
-8
Let k(y) = 4*y - 2. Calculate k(7).
26
Let v(c) = c**2 - 6*c - 8. Give v(7).
-1
Let h(g) = g**2 + 9*g - 1. What is h(-9)?
-1
Let f(a) = a**3 - 3*a**2 - 14*a + 48. Determine f(3).
6
Let k(w) = -w**3 - 4*w**2 - w - 4. Determine k(-5).
26
Let t(i) = -4*i**2 + i - 2. Determine t(2).
-16
Let a(m) = m - 9. Calculate a(12).
3
Let s(l) = -2*l**3 + 47*l**2 + 26*l - 32. Give s(24).
16
Let y(o) = -o**2 + 2*o + 7. Calculate y(-3).
-8
Let u(c) = -2*c + 6. Determine u(4).
-2
Let g(y) = y**3 + 3*y**2 - 5*y - 12. Determine g(-3).
3
Let i(r) = -6*r + 33. What is i(3)?
15
Let n(s) = -5*s**2 - 7*s - 1. Calculate n(-2).
-7
Let o(t) = -59*t - 125. Determine o(-2).
-7
Let t(r) = r**3 - 5*r**2 - 4*r - 18. What is t(6)?
-6
Let m(o) = o**3 + 7*o**2 + 6*o + 4. Calculate m(-6).
4
Let r(y) = y**2 - 23*y + 132. What is r(11)?
0
Let u(p) = 6*p + 24. Give u(-3).
6
Let i(d) = -d**2 - 7*d + 40. Calculate i(-10).
10
Let k(z) = -7*z**2 + 50*z - 19. What is k(7)?
-12
Let w(h) = -h**3 + 21*h**2 + 24*h - 39. Give w(22).
5
Let d(h) = 2*h - 26. What is d(6)?
-14
Let v(d) = -d**3 + 2*d**2 + 5*d - 3. Give v(3).
3
Let t(b) = -b**3 + 4*b**2 + 10*b - 25. What is t(5)?
0
Let o(g) = -13*g - 13. Give o(-3).
26
Let w(v) = -v**3 - 8*v**2 - 11*v - 18. Determine w(-7).
10
Let c(j) = -17*j - 5. Determine c(11).
-192
Let j(b) = -6*b + 14. Calculate j(6).
-22
Let f(d) = -d - 29. Determine f(-20).
-9
Let r(y) = 2*y**2 + 137*y - 68. What is r(-69)?
1
Let m(g) = 11*g**2 - 1. Determine m(1).
10
Let b(v) = v**3 - 8*v**2 + v - 5. Calculate b(8).
3
Let t(l) = 19*l - 125. Determine t(6).
-11
Let b(p) = -4*p**2 + 2*p + 1. Calculate b(-1).
-5
Let x(r) = 3*r**3 + 16*r**2 + 6*r + 5. Give x(-5).
0
Let l(i) = -2*i**2 - 22*i - 28. Determine l(-8).
20
Let v(g) = -2*g**2 - 16*g - 8. Determine v(-7).
6
Let n(r) = -3*r + 9. What is n(-7)?
30
Let q(i) = i**3 + 8*i**2 + 2*i + 18. Give q(-6).
78
Let m(l) = -4*l + 27. Give m(8).
-5
Let r(k) = -3*k - 61. What is r(-21)?
2
Let g(z) = z**2 + 6*z + 29. What is g(-5)?
24
Let o(n) = -31*n - 74. Determine o(-3).
19
Let o(g) = 2*g**2 - 43*g + 103. Calculate o(19).
8
Let b(a) = -3*a - 76. Calculate b(-27).
5
Let l(x) = x**3 - 7*x**2 - 8*x + 52. Give l(7).
-4
Let z(t) = 17*t + 28. Give z(-3).
-23
Let m(z) = z**3 + 20*z**2 + 2. Calculate m(-20).
2
Let k(b) = -5*b + 137. Calculate k(20).
37
Let m(q) = 11*q + 162. What is m(-17)?
-25
Let u(f) = -f + 5. Determine u(0).
5
Let k(a) = 2*a**3 - 36*a**2 + 3*a - 60. Give k(18).
-6
Let j(a) = -5*a**2 - a + 4. Give j(-2).
-14
Let n(c) = 36*c**2 + c. What is n(-1)?
35
Let o(p) = -p**3 + 7*p + 1. Calculate o(-3).
7
Let n(u) = u**3 - 2*u**2 + u - 6. Calculate n(3).
6
Let c(j) = j - 17. Calculate c(14).
-3
Let b(j) = -j**2 + 11*j - 14. What is b(10)?
-4
Let m(z) = z**3 + 10*z**2 + 2*z - 8. Give m(-10).
-28
Let y(g) = -7*g**2 + 5*g - 6. Determine y(1).
-8
Let s(h) = -h**2 + 23*h - 44. What is s(16)?
68
Let h(t) = -2*t**2 - 11*t. Determine h(-5).
5
Let w(l) = l**2 - 8*l + 65. Calculate w(0).
65
Let r(p) = p**3 - 4*p**2 + p - 1. Give r(3).
-7
Let v(a) = -42*a - 171. Determine v(-4).
-3
Let z(d) = -3*d**2 - 2*d - 1. Calculate z(-1).
-2
Let r(u) = 13*u + 6. What is r